42a
In base 11, what is -2 - -8a?
88
In base 2, what is -11111001110 + 1?
-11111001101
In base 2, what is -11 - -11110111000?
11110110101
In base 15, what is 3 + -21?
-1d
In base 12, what is -4 - 696?
-69a
In base 15, what is 4 - -1d?
22
In base 3, what is 12 - 2010?
-1221
In base 11, what is 22 - a?
13
In base 9, what is 777 - 1?
776
In base 9, what is 1 + 301?
302
In base 16, what is 2 - -5f?
61
In base 8, what is 2473 + 3?
2476
In base 12, what is -5 + 22?
19
In base 10, what is -22 - -15?
-7
In base 9, what is 4 + 20?
24
In base 13, what is -c8 + -5?
-100
In base 9, what is 117408 + -5?
117403
In base 4, what is -10 + 3310?
3300
In base 5, what is 240 - -311?
1101
In base 7, what is -1000 + 5?
-662
In base 15, what is -3 + -64e?
-652
In base 11, what is -6 - -61?
56
In base 6, what is 5 - 504?
-455
In base 13, what is 6 + -16?
-10
In base 2, what is 11001010010110 + 1?
11001010010111
In base 16, what is -2 + 4c7?
4c5
In base 15, what is 2 - 87?
-85
In base 16, what is 3 + de6?
de9
In base 5, what is 4 - -4342?
4401
In base 2, what is -11010 + -1100010?
-1111100
In base 2, what is -1100011111 + -1?
-1100100000
In base 7, what is 21 + -145?
-124
In base 4, what is 10 - -231?
301
In base 5, what is 33 + 230?
313
In base 5, what is 12 + 23?
40
In base 8, what is 4430 - -1?
4431
In base 13, what is 18 + -10c?
-c4
In base 15, what is 1 + 4a?
4b
In base 14, what is -4 - 40?
-44
In base 2, what is 11111000100 - 100?
11111000000
In base 13, what is -1 + 63?
62
In base 7, what is -42 + 3?
-36
In base 16, what is 6 + 103?
109
In base 8, what is 30031 - -5?
30036
In base 10, what is 11 + 584?
595
In base 12, what is 84 - -2?
86
In base 14, what is 36 - 5?
31
In base 16, what is -5 + 72?
6d
In base 4, what is -1111 + 221?
-230
In base 2, what is -101000101 + 100?
-101000001
In base 5, what is -433 + 4?
-424
In base 6, what is -205 + -2?
-211
In base 13, what is 6 + -7ab?
-7a5
In base 3, what is -112 - 10?
-122
In base 5, what is 1 - -22034?
22040
In base 8, what is 5 + 1130?
1135
In base 2, what is 101 - -10000?
10101
In base 4, what is -1 - 1122020?
-1122021
In base 12, what is -44 - -18?
-28
In base 16, what is 3 + 96d?
970
In base 14, what is -5 + -d4?
-d9
In base 8, what is 6600 + 2?
6602
In base 13, what is 216 + 4?
21a
In base 8, what is -3 + 14?
11
In base 6, what is -3125 - -4?
-3121
In base 13, what is c - -9a?
a9
In base 9, what is 16 + -12?
4
In base 8, what is -4 + -3123?
-3127
In base 5, what is 20420 - 13?
20402
In base 10, what is 3 - 60?
-57
In base 7, what is 650 - -25?
1005
In base 16, what is 3 - -4?
7
In base 3, what is 10121 - 21?
10100
In base 2, what is 0 + 10000100111?
10000100111
In base 2, what is 11100001010 - 0?
11100001010
In base 6, what is -3 + -250?
-253
In base 15, what is -223 + 2?
-221
In base 7, what is -3 - 215?
-221
In base 9, what is -43 + -31?
-74
In base 2, what is -1 - -1001100001?
1001100000
In base 3, what is -10222000 + 0?
-10222000
In base 14, what is -1783 + -3?
-1786
In base 11, what is -310 + 7?
-304
In base 3, what is 12220 - -211?
20201
In base 14, what is -4 - 19?
-1d
In base 16, what is -2 + -335?
-337
In base 8, what is -2 - 643?
-645
In base 5, what is -321 + -1231?
-2102
In base 12, what is -10 - 1116?
-1126
In base 4, what is 10 + -302?
-232
In base 2, what is -1001 + 1010100101?
1010011100
In base 11, what is -22 - -21?
-1
In base 14, what is 3 + 3d6?
3d9
In base 8, what is 147 - 1?
146
In base 16, what is c + -d?
-1
In base 7, what is 2 - 34?
-32
In base 6, what is 3553 - -4?
4001
In base 9, what is -1171 - -4?
-1166
In base 15, what is b9 + 6?
c0
In base 9, what is 6 + -2343?
-2336
In base 14, what is 13 - a?
7
In base 11, what is 2 + 84?
86
In base 8, what is -37044 - 4?
-37050
In base 16, what is -a + 93?
89
In base 16, what is a0a + -5?
a05
In base 6, what is 210 - -4?
214
In base 2, what is 10000000 - -1?
10000001
In base 14, what is 4 - -84d?
853
In base 14, what is 5 - 40?
-39
In base 13, what is -5b1 + 1?
-5b0
In base 6, what is -205144 + 2?
-205142
In base 2, what is -11 - -1?
-10
In base 16, what is -c84 + -4?
-c88
In base 11, what is -6 + a27?
a21
In base 14, what is 66 - -6?
6c
In base 2, what is -100110 - -10?
-100100
In base 15, what is 214 - 4?
210
In base 11, what is 0 - -317?
317
In base 12, what is b + -13?
-4
In base 8, what is 10462 - -1?
10463
In base 11, what is -23 - 8?
-30
In base 16, what is 1 - -66?
67
In base 10, what is 39265 + -5?
39260
In base 8, what is 1 - 51?
-50
In base 2, what is -11111 + 0?
-11111
In base 6, what is 5 - 534?
-525
In base 10, what is 2 + -20?
-18
In base 15, what is -2 + 132?
130
In base 15, what is 2 - 19e?
-19c
In base 9, what is 15 - 1701?
-1675
In base 6, what is 455400 + -1?
455355
In base 4, what is 10030 + -11?
10013
In base 12, what is -2 + 26?
24
In base 11, what is 10 + 0?
10
In base 7, what is -62 + 2?
-60
In base 15, what is -58d + 0?
-58d
In base 7, what is 213 - 5?
205
In base 7, what is 11 - 4?
4
In base 7, what is -1 - 264?
-265
In base 3, what is -20 - 2110?
-2200
In base 6, what is 1552 - -2?
1554
In base 7, what is 305 - 0?
305
In base 13, what is 509 - 4?
505
In base 8, what is 5 + 611?
616
In base 4, what is -3 - 1021?
-1030
In base 13, what is 4 - 8a5?
-8a1
In base 14, what is d1 - -40?
131
In base 9, what is 23 + -7?
15
In base 8, what is -1060 - -32?
-1026
In base 12, what is 2 + 8a?
90
In base 3, what is 10101111 + -22?
10101012
In base 7, what is -2 + -146?
-151
In base 14, what is 2983 + -1?
2982
In base 10, what is -16 + -901?
-917
In base 2, what is -11 - 1101001?
-1101100
In base 2, what is 10 - -101000111110?
101001000000
In base 14, what is -1 + -5b?
-5c
In base 13, what is 5a91 - -5?
5a96
In base 15, what is -1 - -e3?
e2
In base 8, what is 3377 + 4?
3403
In base 6, what is 3 - 42352?
-42345
In base 12, what is -260 - -20?
-240
In base 9, what is -31 - -3?
-27
In base 2, what is -10100110111 - -1?
-10100110110
In base 15, what is c5 - -3?
c8
In base 11, what is 3595 + 3?
3598
In base 7, what is 15 + 0?
15
In base 8, what is 37066 - 5?
37061
In base 13, what is -53 + -12?
-65
In base 3, what is 10 - -10101?
10111
In base 8, what is -3726 - 1?
-3727
In base 11, what is -a + -205?
-214
In base 9, what is 14 - 1?
13
In base 6, what is -2 - 14444?
-14450
In base 14, what is 24 - 29?
-5
In base 12, what is 1132 - 2?
1130
In base 3, what is 1 + 20002?
20010
In base 4, what is -320030 + -1?
-320031
In base 3, what is 1 + 2022?
2100
In base 6, what is 413 + -3?
410
In base 14, what is -17 + -4a?
-63
In base 8, what is -21 - -53?
32
In base 13, what is 1a4 + 1?
1a5
In base 10, what is -5991 - -1?
-5990
In base 11, what is 1067 + -2?
1065
In base 13, what is -1 - -3a5?
3a4
In base 2, what is 0 - 11110010111?
-11110010111
In base 11, what is -2 + -25?
-27
In base 16, what is b2 - 0?
b2
In base 8, what is 545 - -3?
550
In base 15, what is -7 - -367?
360
In base 8, what is 115 + 11?
126
In base 3, what is 1221200 + -12?
1221111
In base 12, what is 9 + -31?
-24
In base 10, what is -2 - 60?
-62
In base 6, what is 5 - -413?
422
In base 10, what is 407 + 0?
407
In base 7, what is -1 - -2342?
2341
In base 2, what is -11 - -10000001000?
10000000101
In base 13, what is -3 + 23?
20
In base 6, what is 5 + -11220?
-11211
In base 11, what is 7 - -35?
41
In base 2, what is 0 - 11101?
-11101
In base 6, what is -3554 + 1?
-3553
In base 15, what is 5 - -86?
8b
In base 6, what is -51 + -55?
-150
In base 5, what is 1 + 3?
4
In base 12, what is 224b - -4?
2253
In base 6, what is -3 - -10525?
10522
In base 10, what is -5 - -4?
-1
In base 2, what is -10 - 10101010?
-10101100
In base 9, what is 1 - 868?
-867
In base 9, what is 4 + 7?
12
In base 15, what is e - -29?
38
In base 14, what is -1db - 0?
-1db
In base 7, what is 5 + 26450?
26455
In base 14, what is -3 - -b0?
ab
In base 3, what is -2121202 - -2?
-2121200
In base 2, what is -10 - 100101?
-100111
In base 3, what is 10120 - 1?
10112
In base 14, what is -26 + c1?
99
In base 16, what is 4 - 7a?
-76
In base 7, what is -120 - -4?
-113
In base 8, what is -347 + 1?
-346
In base 4, what is 1 + -132?
-131
In base 7, what is -1 - -245?
244
In base 11, what is -85 - -30?
-55
In base 10, what is -15 + 62?
47
In base 15, what is -12 - -37?
25
In base 14, what is 2 - -120?
122
In base 4, what is -3 